{"id":379,"date":"2022-10-19T23:15:35","date_gmt":"2022-10-19T14:15:35","guid":{"rendered":"http:\/\/lohasplan.com\/?page_id=379"},"modified":"2023-01-25T09:56:54","modified_gmt":"2023-01-25T00:56:54","slug":"%e7%a9%8d%e9%9b%aa%e4%be%8b","status":"publish","type":"page","link":"https:\/\/lohasplan.com\/?page_id=379","title":{"rendered":"\u7a4d\u96ea\u4f8b"},"content":{"rendered":"\n<div class=\"wp-block-columns is-layout-flex wp-container-core-columns-is-layout-9d6595d7 wp-block-columns-is-layout-flex\">\n<div class=\"wp-block-column is-layout-flow wp-block-column-is-layout-flow\"><div class=\"wp-block-image\">\n<figure class=\"alignleft size-full\"><img loading=\"lazy\" decoding=\"async\" width=\"128\" height=\"68\" src=\"https:\/\/lohasplan.com\/wp-content\/uploads\/2023\/01\/\u90a8\uff75\u9068\u57fc\u599b-1.jpg\" alt=\"\" class=\"wp-image-431\"\/><\/figure>\n<\/div><\/div>\n\n\n\n<div class=\"wp-block-column is-layout-flow wp-block-column-is-layout-flow\"><div class=\"wp-block-image\">\n<figure class=\"alignright size-full\"><img loading=\"lazy\" decoding=\"async\" width=\"216\" height=\"42\" src=\"https:\/\/lohasplan.com\/wp-content\/uploads\/2022\/08\/image.png\" alt=\"\" class=\"wp-image-251\"\/><\/figure>\n<\/div><\/div>\n<\/div>\n\n\n\n<h1 class=\"wp-block-heading\"><strong>\u96ea\u964d\u308b\u305f\u3073\u306b\u30fb\u30fb\u30fb\u30fb\u30fb\u30fb<\/strong><\/h1>\n\n\n\n<h1 class=\"has-text-align-right wp-block-heading\"><strong>\u30ab\u30fc\u30dd\u30fc\u30c8\u306e\u826f\u3055\u3092\u77e5\u308b\uff01\uff01<\/strong><\/h1>\n\n\n\n<div class=\"wp-block-columns is-layout-flex wp-container-core-columns-is-layout-9d6595d7 wp-block-columns-is-layout-flex\">\n<div class=\"wp-block-column is-layout-flow wp-block-column-is-layout-flow\">\n<h2 class=\"has-text-align-center wp-block-heading\"><strong>CPH-260\uff08\u7a4d\u96ea\u4f8b\uff09<\/strong><\/h2>\n<\/div>\n\n\n\n<div class=\"wp-block-column is-layout-flow wp-block-column-is-layout-flow\">\n<h3 class=\"has-text-align-center wp-block-heading\"><strong>\uff1c\u3000\u8af8\u3000\u5143\u3000\uff1e<\/strong><\/h3>\n<\/div>\n<\/div>\n\n\n\n<div class=\"wp-block-columns is-layout-flex wp-container-core-columns-is-layout-9d6595d7 wp-block-columns-is-layout-flex\">\n<div class=\"wp-block-column is-layout-flow wp-block-column-is-layout-flow\">\n<figure class=\"wp-block-image size-full\"><img loading=\"lazy\" decoding=\"async\" width=\"340\" height=\"253\" src=\"https:\/\/lohasplan.com\/wp-content\/uploads\/2022\/07\/CPH-250.jpg\" alt=\"\" class=\"wp-image-64\" srcset=\"https:\/\/lohasplan.com\/wp-content\/uploads\/2022\/07\/CPH-250.jpg 340w, https:\/\/lohasplan.com\/wp-content\/uploads\/2022\/07\/CPH-250-300x223.jpg 300w\" sizes=\"auto, (max-width: 340px) 100vw, 340px\" \/><\/figure>\n<\/div>\n\n\n\n<div class=\"wp-block-column is-layout-flow wp-block-column-is-layout-flow\">\n<p>\u3010\u672c\u4f53\u5bf8\u6cd5\u3011\u3000W2,925\u00d7L5,575\u00d7H2,7501<br>\u3000\u3000\u3000\u3000\u3000\u3000\u3000\u9593\u53e3\uff1a<br>\u3000\u3000\u3000\u3000\u3000\u3000\u3000\u6881\u4e0b\uff1a2,300<\/p>\n\n\n\n<p>\u3010\u90e8\u6750\u5bf8\u6cd5\u3011\u3000\u3000\u67f1\uff1aH-194\u00d7150\u00d76\u00d79<br>\u3000\u3000\u3000\u3000\u3000\u3000\u3000\u3000\u6881\uff1aH-198\u00d799\u00d74.5\u00d77<br>\u3000\u3000\u3000\u3000\u3000\u3000\u88dc\u5f37\u6881\uff1aH-150\u00d775\u00d75\u00d77<\/p>\n<\/div>\n<\/div>\n\n\n\n<div class=\"wp-block-columns is-layout-flex wp-container-core-columns-is-layout-9d6595d7 wp-block-columns-is-layout-flex\">\n<div class=\"wp-block-column is-layout-flow wp-block-column-is-layout-flow\">\n<h2 class=\"has-text-align-center wp-block-heading\"><strong>CPH-530\uff08\u7a4d\u96ea\u4f8b\uff09<\/strong><\/h2>\n<\/div>\n\n\n\n<div class=\"wp-block-column is-layout-flow wp-block-column-is-layout-flow\">\n<h3 class=\"has-text-align-center wp-block-heading\"><strong>\uff1c\u3000\u8af8\u3000\u5143\u3000\uff1e<\/strong><\/h3>\n<\/div>\n<\/div>\n\n\n\n<div class=\"wp-block-columns is-layout-flex wp-container-core-columns-is-layout-9d6595d7 wp-block-columns-is-layout-flex\">\n<div class=\"wp-block-column is-layout-flow wp-block-column-is-layout-flow\">\n<figure class=\"wp-block-image size-full\"><img loading=\"lazy\" decoding=\"async\" width=\"340\" height=\"254\" src=\"https:\/\/lohasplan.com\/wp-content\/uploads\/2022\/07\/CPH\u7ab6\u30fb-1.jpg\" alt=\"\" class=\"wp-image-87\" srcset=\"https:\/\/lohasplan.com\/wp-content\/uploads\/2022\/07\/CPH\u7ab6\u30fb-1.jpg 340w, https:\/\/lohasplan.com\/wp-content\/uploads\/2022\/07\/CPH\u7ab6\u30fb-1-300x224.jpg 300w\" sizes=\"auto, (max-width: 340px) 100vw, 340px\" \/><\/figure>\n<\/div>\n\n\n\n<div class=\"wp-block-column is-layout-flow wp-block-column-is-layout-flow\">\n<p>\u3010\u672c\u4f53\u5bf8\u6cd5\u3011\u3000W6,000\u00d7L5,565\u00d7H2,750<br>\u3000\u3000\u3000\u3000\u3000\u3000\u3000\u9593\u53e3\uff1a5,300<br>\u3000\u3000\u3000\u3000\u3000\u3000\u3000\u6881\u4e0b\uff1a2,300<\/p>\n\n\n\n<p>\u3010\u90e8\u6750\u5bf8\u6cd5\u3011\u3000\u3000\u67f1\uff1a\u22a1-125\u00d7125\u00d7t4.5<br>\u3000\u3000\u3000\u3000\u3000\u3000\u3000\u3000\u6881\uff1aH-250\u00d7125\u00d76\u00d79<br>\u3000\u3000\u3000\u3000\u3000\u3000\u88dc\u5f37\u6881\uff1aH-150\u00d775\u00d75\u00d77<\/p>\n<\/div>\n<\/div>\n\n\n\n<h2 class=\"wp-block-heading\"><strong>\u96ea\u4e0b\u308d\u3057\u4e0d\u8981\u306e\u7121\u843d\u96ea\u69cb\u9020\u3067<\/strong><\/h2>\n\n\n\n<h2 class=\"has-text-align-right wp-block-heading\"><strong>\u9664\u96ea\u30fb\u6392\u96ea\u30fb\u96a3\u5730\u3078\u306e\u843d\u96ea\u306e\u5fc3\u914d\u7121\u7528!!<\/strong><\/h2>\n","protected":false},"excerpt":{"rendered":"<p>\u96ea\u964d\u308b\u305f\u3073\u306b\u30fb\u30fb\u30fb\u30fb\u30fb\u30fb \u30ab\u30fc\u30dd\u30fc\u30c8\u306e\u826f\u3055\u3092\u77e5\u308b\uff01\uff01 CPH-260\uff08\u7a4d\u96ea\u4f8b\uff09  &hellip; <a href=\"https:\/\/lohasplan.com\/?page_id=379\">\u7d9a\u304d\u3092\u8aad\u3080 <span class=\"meta-nav\">&rarr;<\/span><\/a><\/p>\n","protected":false},"author":1,"featured_media":0,"parent":663,"menu_order":60,"comment_status":"closed","ping_status":"closed","template":"onecolumn-page.php","meta":{"footnotes":""},"class_list":["post-379","page","type-page","status-publish","hentry"],"_links":{"self":[{"href":"https:\/\/lohasplan.com\/index.php?rest_route=\/wp\/v2\/pages\/379","targetHints":{"allow":["GET"]}}],"collection":[{"href":"https:\/\/lohasplan.com\/index.php?rest_route=\/wp\/v2\/pages"}],"about":[{"href":"https:\/\/lohasplan.com\/index.php?rest_route=\/wp\/v2\/types\/page"}],"author":[{"embeddable":true,"href":"https:\/\/lohasplan.com\/index.php?rest_route=\/wp\/v2\/users\/1"}],"replies":[{"embeddable":true,"href":"https:\/\/lohasplan.com\/index.php?rest_route=%2Fwp%2Fv2%2Fcomments&post=379"}],"version-history":[{"count":10,"href":"https:\/\/lohasplan.com\/index.php?rest_route=\/wp\/v2\/pages\/379\/revisions"}],"predecessor-version":[{"id":652,"href":"https:\/\/lohasplan.com\/index.php?rest_route=\/wp\/v2\/pages\/379\/revisions\/652"}],"up":[{"embeddable":true,"href":"https:\/\/lohasplan.com\/index.php?rest_route=\/wp\/v2\/pages\/663"}],"wp:attachment":[{"href":"https:\/\/lohasplan.com\/index.php?rest_route=%2Fwp%2Fv2%2Fmedia&parent=379"}],"curies":[{"name":"wp","href":"https:\/\/api.w.org\/{rel}","templated":true}]}}